144303
In base 4, what is -22 - -11221300?
11221212
In base 9, what is 11 + 36347046?
36347057
In base 9, what is 2 - 452474?
-452472
In base 8, what is 2060 - -1143547?
1145627
In base 10, what is 147 - 543194?
-543047
In base 3, what is -1100020010 - 1201212?
-1101221222
In base 12, what is -b32067 - 12?
-b32079
In base 8, what is -614730 + 150?
-614560
In base 12, what is 111a0 + -a0?
11100
In base 14, what is -3079b + 53?
-30748
In base 14, what is -864 - -2cc7?
2463
In base 3, what is -1022 - -202201220011?
202201211212
In base 5, what is -13113 - -323110?
304442
In base 14, what is -1814a - 36?
-18182
In base 14, what is 49915 - 3?
49912
In base 8, what is 32543 + 5450?
40213
In base 3, what is 2211011211021111222 - -11?
2211011211021112010
In base 3, what is 112121220122221 + 12?
112121220200010
In base 11, what is 9178691 + -2?
917868a
In base 2, what is 1101111100100011101010 + -1?
1101111100100011101001
In base 16, what is -21 + 42a89?
42a68
In base 2, what is -100100001011001001000 + 111010?
-100100001011000001110
In base 6, what is 51144 + -33233?
13511
In base 16, what is 87a55 - 6?
87a4f
In base 13, what is -32aa - 1497?
-4774
In base 8, what is 3 - -112355324?
112355327
In base 11, what is 592 + -37?
556
In base 15, what is 1b56 - e0d?
c48
In base 9, what is 4868 + 153578?
158557
In base 6, what is 213511 + -15421?
154050
In base 7, what is 2 - -55231221?
55231223
In base 8, what is -13 + -233226636?
-233226651
In base 14, what is 9d00ac + 4?
9d00b2
In base 16, what is -5e - -51bc4?
51b66
In base 3, what is 1002211010 - 11021?
1002122212
In base 11, what is -374147 + -82?
-374219
In base 2, what is 1101001000111010111000 + 0?
1101001000111010111000
In base 2, what is -100 + 101101111000000000?
101101110111111100
In base 13, what is 126a - 153089?
-151b1c
In base 5, what is -11022 - -4133131?
4122104
In base 16, what is -2 - 2be1c?
-2be1e
In base 15, what is -9 - -1146c3?
1146b9
In base 16, what is 14fde + -1ad?
14e31
In base 14, what is 3 + -39dcbb3?
-39dcbb0
In base 13, what is 5c0a - -148?
6055
In base 2, what is -100010110110 - 10010011111110001?
-10011000010100111
In base 8, what is 0 + 275311403?
275311403
In base 4, what is 1101132133 + 3?
1101132202
In base 4, what is 12000 + 2102332100?
2103010100
In base 9, what is 2727 + 76553?
80381
In base 3, what is 20211 + 112112021020?
112112112001
In base 14, what is 3c0 - -b429c?
b467c
In base 6, what is -2131 + 405425?
403254
In base 12, what is 13a141 + -33?
13a10a
In base 4, what is -1 + -1000312100312?
-1000312100313
In base 6, what is 2241 + 5220?
11501
In base 3, what is -2210000 + 120101211?
110121211
In base 16, what is 2 + -1505a8?
-1505a6
In base 13, what is -76b430a - -5?
-76b4305
In base 15, what is 1e8659bb - 4?
1e8659b7
In base 10, what is -12334515 + -3?
-12334518
In base 14, what is -11 + -148507?
-148518
In base 11, what is 3 + -2574769?
-2574766
In base 12, what is -2879 - -820b?
5552
In base 7, what is -5611 + -235646?
-244560
In base 9, what is 1154088 + 307?
1154406
In base 8, what is 0 - -60242374?
60242374
In base 8, what is 15425457762 - -2?
15425457764
In base 9, what is 25128 + 80747?
115876
In base 2, what is 100110 - 10100001101011101?
-10100001100110111
In base 9, what is -6331 + 11513?
4172
In base 13, what is -b8 + -21100c0?
-21101a8
In base 11, what is -97a9 + 896?
-8a13
In base 14, what is -149c21d7 - -6?
-149c21d1
In base 7, what is -360 + 34025?
33335
In base 2, what is -110110011 + -10100001110101010?
-10100010101011101
In base 2, what is -100100101111111110 + 111001010?
-100100101000110100
In base 9, what is 144737 - 77?
144650
In base 14, what is 125 - 4b9aa?
-4b885
In base 15, what is -8e8 - 1b76?
-256e
In base 14, what is 90b1 - -341?
9412
In base 5, what is 220441300332 + -4?
220441300323
In base 13, what is -5 + 42199c4c?
42199c47
In base 15, what is 3b + -12abb5d?
-12abb22
In base 4, what is -2 - -211022123133?
211022123131
In base 5, what is 1033322 + 113333?
1202210
In base 15, what is -192a + -6b3?
-20dd
In base 16, what is 2307 + e?
2315
In base 9, what is -208 - -422832?
422623
In base 16, what is -1c - 7df6?
-7e12
In base 15, what is 704 - 9a3a?
-9336
In base 5, what is -20424 - 33343243?
-33414222
In base 5, what is 4331002 + -200342?
4130110
In base 9, what is -56 + 3606114?
3606047
In base 10, what is -3140 + -17788?
-20928
In base 5, what is 20240134 - -2202?
20242341
In base 9, what is -2 - 7046227?
-7046230
In base 14, what is -3 - 2268253?
-2268256
In base 4, what is -12300022230 - -32?
-12300022132
In base 2, what is -10001110011011101 - 10010001011001?
-10100000100110110
In base 7, what is -3510622 - 4?
-3510626
In base 9, what is -13478 - -8583?
-3785
In base 5, what is -33011304421 - 4?
-33011304430
In base 14, what is 2b1d5 + 15d4?
2c7c9
In base 13, what is -b756 + -148a?
-cc13
In base 16, what is -2b - -9ced4?
9cea9
In base 5, what is -12124310 + -20401?
-12200211
In base 13, what is -49335 - -36?
-492cc
In base 4, what is 2301 - 12133021?
-12130120
In base 4, what is 11 + -1100300130011?
-1100300130000
In base 7, what is 24143354 - 25?
24143326
In base 16, what is -4 + 7e422?
7e41e
In base 3, what is 1010022220211 - -1012?
1010022222000
In base 3, what is -110011002222 - 12012?
-110011022011
In base 15, what is 94 + -523d15?
-523c71
In base 15, what is -c2407 - 2?
-c2409
In base 14, what is -1c + a5d3aa?
a5d38c
In base 12, what is 6971 + -240?
6731
In base 12, what is 6784 + 6b94?
11758
In base 2, what is 11011011011110101100 + -1101?
11011011011110011111
In base 2, what is 11001010110001011010 - -1011?
11001010110001100101
In base 2, what is -100010101 - 10000110001111001010?
-10000110010011011111
In base 13, what is -1ac1b29 - -12?
-1ac1b17
In base 4, what is 2311302 + -303231?
2002011
In base 6, what is -2 + -100401511?
-100401513
In base 8, what is 5 - 65644466?
-65644461
In base 3, what is 112022 - 122212012001?
-122211122202
In base 7, what is -54 + -22552161?
-22552245
In base 15, what is -1b7 + -289599?
-289761
In base 15, what is 1b84b6e - -1?
1b84b70
In base 13, what is -7 - -644979?
644972
In base 16, what is 2ff - 1413?
-1114
In base 16, what is 1ded883a - 0?
1ded883a
In base 12, what is -44 + -2a1861a?
-2a18662
In base 15, what is 16258 + -4db?
15c6c
In base 15, what is 47a1d - -1c?
47a3a
In base 5, what is 102 - 221430001?
-221424344
In base 15, what is 2d2 + -1510?
-122d
In base 4, what is 30202220 - 12?
30202202
In base 12, what is 184b - -609?
2258
In base 8, what is 37332 - -3752?
43304
In base 3, what is 1101222112 + 1001210?
1110001022
In base 13, what is -11846b7 + 109?
-11845ab
In base 8, what is 16445 + -113462?
-75015
In base 14, what is 2120a + 1748?
22954
In base 9, what is 2246446 - 7?
2246438
In base 4, what is 101123013 + 1230?
101130303
In base 14, what is 26a + 47dd?
4a69
In base 9, what is 3487 - 127737?
-124240
In base 7, what is -160436341 - 5?
-160436346
In base 9, what is -1 + 10442426?
10442425
In base 11, what is 328 - -22765?
22a92
In base 3, what is -2200220211222 - 10101?
-2200220222100
In base 10, what is 22542510 - 5?
22542505
In base 2, what is 1000010001010100001001101 + 0?
1000010001010100001001101
In base 16, what is 298ee3 - 14f?
298d94
In base 3, what is 112 + -2212010102011122?
-2212010102011010
In base 10, what is 31608834 - -4?
31608838
In base 15, what is -d3c093 + -2a?
-d3c0bd
In base 5, what is -3102401112 + 1?
-3102401111
In base 8, what is 7145346 - -46?
7145414
In base 6, what is -252342 + 210111?
-42231
In base 9, what is -85153115 + -3?
-85153118
In base 11, what is -10070a + -30?
-10073a
In base 10, what is -654 + 2115?
1461
In base 14, what is -d + -392234?
-392243
In base 2, what is -10000001 - -101011001101001110?
101011001011001101
In base 14, what is -519098 + 0?
-519098
In base 4, what is 130331022 - 201?
130330221
In base 2, what is 11 - 1001110111010100010110000?
-1001110111010100010101101
In base 15, what is 4cc + -5054?
-4a77
In base 2, what is -10001011010001110111001 + -1000?
-10001011010001111000001
In base 7, what is -16622465 + -116?
-16622614
In base 5, what is -34443 - -4134112?
4044114
In base 3, what is 220112210 + -12202?
220100001
In base 8, what is -64015110 - -12?
-64015076
In base 9, what is -2 - 82200131?
-82200133
In base 5, w